 of 6960582?
2, 3, 17, 23, 43
What are the prime factors of 473668?
2, 13, 9109
List the prime factors of 1724736.
2, 3, 13, 691
List the prime factors of 17948841.
3, 5982947
What are the prime factors of 1369674?
2, 3, 47, 1619
List the prime factors of 632751.
3, 7, 29, 1039
List the prime factors of 1944195.
3, 5, 11, 11783
What are the prime factors of 29510273?
13, 174617
What are the prime factors of 671457?
3, 41, 53, 103
What are the prime factors of 1003561?
13, 17, 19, 239
What are the prime factors of 499294?
2, 249647
What are the prime factors of 10254769?
7, 31, 43, 157
What are the prime factors of 888008?
2, 11, 10091
What are the prime factors of 419738?
2, 11, 19079
List the prime factors of 173973.
3, 57991
What are the prime factors of 387687?
3, 129229
List the prime factors of 716147.
41, 17467
What are the prime factors of 1204415?
5, 240883
List the prime factors of 113202.
2, 3, 19, 331
List the prime factors of 3507287.
7, 17, 29473
What are the prime factors of 2328611?
179, 13009
List the prime factors of 1808209.
13, 367, 379
List the prime factors of 4239894.
2, 3, 53, 67, 199
List the prime factors of 45414.
2, 3, 29
List the prime factors of 1212950.
2, 5, 17, 1427
List the prime factors of 1201116.
2, 3, 7, 79, 181
What are the prime factors of 279353?
279353
List the prime factors of 807001.
13, 23, 2699
What are the prime factors of 13755991?
53, 259547
What are the prime factors of 3874300?
2, 5, 17, 43, 53
What are the prime factors of 414663?
3, 67, 2063
List the prime factors of 1488258.
2, 3, 89, 929
List the prime factors of 907484.
2, 226871
List the prime factors of 10960.
2, 5, 137
List the prime factors of 357117.
3, 119039
List the prime factors of 1243564.
2, 7, 23, 1931
What are the prime factors of 592943?
13, 17, 2683
What are the prime factors of 3683332?
2, 920833
What are the prime factors of 5118235?
5, 41, 24967
What are the prime factors of 1113968?
2, 69623
List the prime factors of 34559381.
4019, 8599
What are the prime factors of 1611065?
5, 322213
List the prime factors of 9940330.
2, 5, 29, 151, 227
List the prime factors of 1559334.
2, 3, 7, 137, 271
What are the prime factors of 2319604?
2, 7, 37, 2239
What are the prime factors of 2108875?
5, 16871
List the prime factors of 8363269.
17, 193, 2549
List the prime factors of 167911.
167911
What are the prime factors of 96342?
2, 3, 16057
List the prime factors of 8794599.
3, 11, 59, 4517
What are the prime factors of 383642?
2, 7, 67, 409
List the prime factors of 674248.
2, 271, 311
What are the prime factors of 60242?
2, 7, 13, 331
What are the prime factors of 2794759?
11, 29, 8761
List the prime factors of 7705908.
2, 3, 7, 10193
What are the prime factors of 3306771?
3, 13, 9421
What are the prime factors of 159578?
2, 73, 1093
List the prime factors of 5324499.
3, 591611
What are the prime factors of 267575?
5, 7, 11, 139
List the prime factors of 1292934.
2, 3, 229, 941
What are the prime factors of 2258636?
2, 29, 19471
List the prime factors of 886393.
257, 3449
List the prime factors of 218773.
17, 757
List the prime factors of 11346655.
5, 2269331
List the prime factors of 302623.
37, 8179
List the prime factors of 29860071.
3, 727, 13691
What are the prime factors of 1937538?
2, 3, 107641
List the prime factors of 387505.
5, 19, 4079
List the prime factors of 177035.
5, 35407
What are the prime factors of 3314849?
103, 32183
What are the prime factors of 30897?
3, 3433
List the prime factors of 170406.
2, 3, 9467
What are the prime factors of 44983?
44983
List the prime factors of 3123746.
2, 31, 50383
What are the prime factors of 44985?
3, 5, 2999
List the prime factors of 363316.
2, 61, 1489
What are the prime factors of 32892979?
7, 43, 109279
What are the prime factors of 20154119?
3529, 5711
What are the prime factors of 1386450?
2, 3, 5, 13, 79
What are the prime factors of 138357?
3, 15373
List the prime factors of 3297817.
149, 22133
What are the prime factors of 4047242?
2, 2023621
List the prime factors of 275965.
5, 97, 569
What are the prime factors of 982633?
982633
List the prime factors of 2047305.
3, 5, 13, 10499
List the prime factors of 9317719.
1609, 5791
List the prime factors of 1354045.
5, 7, 11, 3517
List the prime factors of 262365.
3, 5, 17491
List the prime factors of 31688.
2, 17, 233
What are the prime factors of 50328?
2, 3, 233
What are the prime factors of 12109072?
2, 373, 2029
What are the prime factors of 161958?
2, 3, 26993
List the prime factors of 10458613.
11, 950783
List the prime factors of 456248.
2, 13, 41, 107
What are the prime factors of 8319747?
3, 2773249
What are the prime factors of 1796507?
19, 23, 4111
What are the prime factors of 22762208?
2, 7, 307, 331
What are the prime factors of 181220?
2, 5, 13, 17, 41
What are the prime factors of 161560?
2, 5, 7, 577
List the prime factors of 5828778.
2, 3, 79, 4099
List the prime factors of 308262.
2, 3, 83, 619
What are the prime factors of 841612?
2, 210403
List the prime factors of 6041.
7, 863
List the prime factors of 3436005.
3, 5, 37, 41, 151
List the prime factors of 5245506.
2, 3, 7, 13877
What are the prime factors of 2330483?
19, 173, 709
What are the prime factors of 297274?
2, 19, 7823
What are the prime factors of 1664473?
73, 151
List the prime factors of 17752524.
2, 3, 29, 139, 367
What are the prime factors of 140609?
7, 53, 379
List the prime factors of 3961204.
2, 13, 17, 4481
What are the prime factors of 426412?
2, 7, 97, 157
What are the prime factors of 198465?
3, 5, 101, 131
What are the prime factors of 1993380?
2, 3, 5, 33223
What are the prime factors of 1340239?
863, 1553
What are the prime factors of 446140?
2, 5, 22307
List the prime factors of 489591.
3, 18133
What are the prime factors of 23074884?
2, 3, 7, 103, 127
What are the prime factors of 2088902?
2, 1044451
List the prime factors of 7356670.
2, 5, 433, 1699
List the prime factors of 333422.
2, 43, 3877
List the prime factors of 895220.
2, 5, 17, 2633
List the prime factors of 1412325.
3, 5, 6277
What are the prime factors of 182864?
2, 11, 1039
What are the prime factors of 652349?
23, 113, 251
List the prime factors of 17373054.
2, 3, 37, 139, 563
What are the prime factors of 2026704?
2, 3, 42223
List the prime factors of 4551846.
2, 3, 13, 67
List the prime factors of 8183306.
2, 53, 77201
What are the prime factors of 10251489?
3, 3417163
What are the prime factors of 587553?
3, 139, 1409
List the prime factors of 1510503.
3, 503501
List the prime factors of 2452838.
2, 149, 8231
List the prime factors of 6137489.
277, 22157
List the prime factors of 586702.
2, 293351
What are the prime factors of 344859?
3, 139, 827
List the prime factors of 1358088.
2, 3, 71, 797
What are the prime factors of 1994735?
5, 223, 1789
What are the prime factors of 13197586?
2, 127, 223, 233
What are the prime factors of 1512761?
19, 103, 773
What are the prime factors of 552854?
2, 31, 37, 241
List the prime factors of 1003881.
3, 23, 14549
What are the prime factors of 7764803?
7764803
List the prime factors of 791114.
2, 43, 9199
What are the prime factors of 241309?
29, 53, 157
List the prime factors of 1922038.
2, 239, 4021
What are the prime factors of 1145820?
2, 3, 5, 13, 113
What are the prime factors of 1446794?
2, 53, 13649
List the prime factors of 1447355.
5, 7, 13, 3181
What are the prime factors of 194409?
3, 21601
What are the prime factors of 8708224?
2, 7, 9719
List the prime factors of 2082585.
3, 5, 17, 8167
List the prime factors of 4598288.
2, 287393
List the prime factors of 10448744.
2, 17, 76829
List the prime factors of 13291901.
7, 31, 61253
What are the prime factors of 393741?
3, 4861
List the prime factors of 1512726.
2, 3, 53, 67, 71
List the prime factors of 279134.
2, 233, 599
What are the prime factors of 3053080?
2, 5, 127, 601
List the prime factors of 7260033.
3, 11, 19, 11579
List the prime factors of 85546.
2, 42773
What are the prime factors of 44607?
3, 14869
List the prime factors of 3329003.
3329003
List the prime factors of 1571274.
2, 3, 87293
List the prime factors of 1283371.
443, 2897
List the prime factors of 9220610.
2, 5, 7, 157, 839
What are the prime factors of 25547124?
2, 3, 17, 125231
List 